e the prime factors of 123/(-328) + -2*1137/(-48)?
47
Let y be ((-1)/2)/((-1)/18). Suppose -2*u = -3 - y. Suppose -2*b + u = -16. What are the prime factors of b?
11
Let h(y) = -60*y**2 - 5*y + 4. Let o(j) = -j**2 + j - 1. Let n(t) = -h(t) - 4*o(t). List the prime factors of n(1).
5, 13
Suppose -10949 - 10919 = -22*l. What are the prime factors of l?
2, 7, 71
Let k(c) be the third derivative of 2*c**7/315 - c**6/360 + c**5/15 - 4*c**2. Let a(j) be the third derivative of k(j). What are the prime factors of a(1)?
2, 3, 5
What are the prime factors of ((-870)/(-48)*-6)/(2/(-8))?
3, 5, 29
Let k = -5477 + 10993. List the prime factors of k.
2, 7, 197
Suppose -d = -3*d + 840. Let k be (d/(-4) - -4) + -4. Let y = 148 + k. What are the prime factors of y?
43
Suppose 0 = -k + 3*w - 12, 4*k = -4*w - w + 20. Let g be (-1 - 2) + k + 3. Suppose -2*h + 4*n + 66 = g, 4*h - 57 = n + 61. What are the prime factors of h?
29
List the prime factors of (-367840)/(-340) + (-2)/(-17).
2, 541
Let w be 3 + 2/2*0/(-7). Suppose 177 = 3*f - 2*u, -f - w*u + 52 = -6*u. What are the prime factors of f?
61
Let n(r) = -46*r - 17. Let s(d) = 23*d + 9. Let u(c) = 6*n(c) + 11*s(c). What are the prime factors of u(-1)?
2, 5
Let k = 51 + -48. Suppose k*s - 176 - 154 = 0. What are the prime factors of s?
2, 5, 11
Let t(o) = 90*o - 96. List the prime factors of t(18).
2, 3, 127
Let a(n) be the first derivative of -n**4/4 + 13*n**3/3 - 4*n**2 + 6*n + 119. Let y be 188/16 - 2/(-8). List the prime factors of a(y).
2, 3
Let c = -4167 + 8798. What are the prime factors of c?
11, 421
Suppose 6*i - 5342 = 274. List the prime factors of i.
2, 3, 13
Suppose -4*f + 832 = 3*v, -3*f = -4*v - 0*v + 1076. What are the prime factors of v?
2, 17
Let q = 3 + -3. Suppose q*p - 3*p + 51 = 0. What are the prime factors of p?
17
Let g = -6 - -8. What are the prime factors of 82/g + (-33)/11?
2, 19
Let r = -24 - -11. Let j = r + 43. List the prime factors of j.
2, 3, 5
Let s(i) = -5*i**3 - 9*i**2 - 8*i - 9. Let f(z) = 8 + 0*z**3 + 4*z + 2*z**3 + 5*z**2 - 3. Let r(v) = -7*f(v) - 3*s(v). What are the prime factors of r(9)?
37
Let j be -2*((-38)/4 - -4). Let b = 15 - j. Suppose -5*l + 26 = -3*g, b*g - 5 = -0*l + l. List the prime factors of l.
7
Let s = 120 + 59. What are the prime factors of s?
179
Let o be (-126)/4*2/(-3). Suppose 595 = -o*l + 26*l. List the prime factors of l.
7, 17
List the prime factors of 16059/106*(17 + 1).
3, 101
Let l(y) = -45*y**2 + 15*y**2 + 23*y**2 + 5*y + 2*y**3. Suppose 2*m = 2*a + 2, -m + 9 = 5*a - 4*a. What are the prime factors of l(a)?
2, 3
Suppose 0 = -4*h + 172 + 56. Let o = -4 + h. List the prime factors of o.
53
Let f(i) = -61*i + 4. Let k be f(-1). List the prime factors of 26/k*1/(1/95).
2, 19
Suppose -3 = -2*h + 1. Suppose -h*q = -q - 3. Suppose 0*o = -3*p - q*o + 24, 0 = 3*o - 6. List the prime factors of p.
2, 3
Let w(b) = 649*b + 16. Let j be w(3). Suppose -7*c + 172 = -j. List the prime factors of c.
5, 61
Let i(f) = 85*f**2 + 10*f + 16. What are the prime factors of i(-4)?
2, 167
Let t(q) = 41*q - 545. What are the prime factors of t(40)?
3, 5, 73
Suppose 0 = -2*i + 1491 + 87. List the prime factors of i.
3, 263
Suppose -5 = -2*b + b. Let l be -9 + -4 + b + 1. Let p(f) = -6*f + 8. List the prime factors of p(l).
2, 5
Let p = -1764 + 2130. What are the prime factors of p?
2, 3, 61
Let l = 19 - 19. Suppose l = -7*k + 3*k + 104. Suppose 0 = -2*t + 5*f + 47, f + k = -4*t + 87. List the prime factors of t.
2
Suppose 2*z - 160 = -f + 193, 0 = f - 2*z - 361. List the prime factors of f.
3, 7, 17
Let b = -200 + 260. Let d(n) = -n + 3. Let j be d(-4). Suppose -b = -10*q + j*q. List the prime factors of q.
2, 5
Let s(z) = 8*z**2 - 2. Let h be s(-2). Let y = h + -20. What are the prime factors of y?
2, 5
Let w = -289 - -931. What are the prime factors of w?
2, 3, 107
Suppose -14*c = -2217 - 36213. What are the prime factors of c?
3, 5, 61
Suppose t - 40 = 32. Suppose -v = -5*v + t. Suppose 0 = -3*w - 5*l + 107, -l - 65 = -3*w + v. What are the prime factors of w?
29
Let b = 27 + -23. Suppose 3*r - 472 = -r - b*o, 590 = 5*r - 2*o. List the prime factors of r.
2, 59
Let g(i) = -25*i - 118. List the prime factors of g(-8).
2, 41
Suppose -2*z + 0 = -4. Let b(t) = -4 - t**z + 0 - 3 - 11*t + 0*t. List the prime factors of b(-7).
3, 7
Let p(y) = -y**3 + 4*y**2 + 2*y + 1. Let f be p(5). Let v = -10 - f. Suppose 4*n + 60 = 4*m + 8*n, v*m + n - 75 = 0. What are the prime factors of m?
2, 5
Let v(d) = 2*d**2 + 3*d. Let q be v(-2). Let l be ((-45)/(-20))/(q/80). Suppose 5*a = 5*w - l, -3*w + 96 = w + 4*a. What are the prime factors of w?
3, 7
Suppose -3 - 3 = -q. Let u(y) = 13*y - 9. Let l be u(q). Suppose 2*z - 5*z + l = -2*j, 3*z = -3*j + 69. List the prime factors of z.
23
Suppose 5*y + 7 = 4*f - f, 0 = f + 2*y - 6. Let x(c) = 2*c**3 - 6*c**2 + 4*c + 1. List the prime factors of x(f).
7
Let n = 209 + -139. What are the prime factors of n?
2, 5, 7
Let v = 111 + -106. Suppose -t + 18 = g - 3*t, -t + 46 = v*g. What are the prime factors of g?
2, 5
What are the prime factors of ((-624)/(-40))/(15/1450)?
2, 13, 29
List the prime factors of (-1274 + (1 - 4))*-1.
1277
Suppose -3*q = -4*c + 10, 18 = 3*c + q + 2*q. Suppose c = -14*u + 16*u. Suppose 0 = u*o + 3*g - 58, -o + g - 101 = -4*o. List the prime factors of o.
5, 7
Let z = -26 + 22. Let t be 3 - 38*6/z. Suppose 3*v - v - t = 0. What are the prime factors of v?
2, 3, 5
Let m(y) = 2*y**2 - y + 10. Let u be m(10). List the prime factors of (u/4)/((-4)/(-8)).
2, 5
Let b be 0/11 + 2*1. Suppose -1 = -b*p + 7. List the prime factors of (-19 + p)/(9/(-15)).
5
Let s be 0 + 0*(-3)/6. Suppose -2*r - 2*r = 3*g - 131, s = 2*r + 8. List the prime factors of g.
7
List the prime factors of 2/(-6) - ((-7972)/12 + -5).
3, 223
Let o(h) = 35*h + 240. What are the prime factors of o(14)?
2, 5, 73
Suppose -24*t + 2*b = -29*t + 737, -734 = -5*t + b. What are the prime factors of t?
3, 7
Suppose 2*r + 1 - 2 = q, 4*q + r = -22. Let u = q - -14. What are the prime factors of u?
3
Suppose 984 - 4104 = -6*u. List the prime factors of u.
2, 5, 13
Let p = 9 + -8. Let n = 13 + p. List the prime factors of n.
2, 7
Let g(v) = -43*v + 56. What are the prime factors of g(-34)?
2, 3, 11, 23
Let h(w) = w + 13. Let c be h(0). Suppose -9*s + c*s - 56 = 0. What are the prime factors of s?
2, 7
Suppose -3*l + 7 + 5 = 0. What are the prime factors of (-1)/((-2 + l)/(-4))?
2
Let b(k) = -k**2 - 9*k + 27. Let n be b(-12). Let g = n - 8. Let q = g + 22. List the prime factors of q.
5
Let p = -68 + 70. Suppose 0 = d + 3*d + 12, 0 = 4*n - p*d - 578. List the prime factors of n.
11, 13
Let p(q) = -32*q**2 - 7 + 0*q + 33*q**2 + 9*q. Let x be p(-10). Suppose x*f = 6, 0 = -2*a - 2*a - 3*f + 126. What are the prime factors of a?
2, 3, 5
Let q(w) = w**3 + 2*w**2 - 17*w - 3. Let l = 72 + -77. What are the prime factors of q(l)?
7
Suppose 4*q - r - 2327 = -4*r, 2*q - 1164 = -2*r. List the prime factors of q.
7, 83
Let j(o) be the first derivative of o**3/3 - 7*o**2/2 + 3*o - 4. Let b be j(6). Let z(q) = -2*q + 4. List the prime factors of z(b).
2, 5
Suppose -2*k + 1707 - 528 = -3*y, 1767 = 3*k - 5*y. List the prime factors of k.
2, 3, 11
Let y(k) = k**3 + 8*k**2 + 6*k - 3. Suppose -5*j - 54 = -2*t, -3*t = 2*j - t + 30. Let u = 6 + j. What are the prime factors of y(u)?
3, 11
Let w(b) = b + 3. Let n be w(2). Let m(r) = r**2 + r - 2. What are the prime factors of m(n)?
2, 7
Let d(w) = -3*w + 6. Let q be d(-6). Suppose -q = -3*z + 210. What are the prime factors of z?
2, 3, 13
Let y(o) = o**3 + 5*o**2 + o + 7. Let p be y(-5). Suppose 419 = 3*c - 1. Suppose -p*d = 2*d - c. What are the prime factors of d?
5, 7
Suppose y - 143 = -2*v + v, y = 2*v + 158. Suppose -2*j = -3*i - 283 + 720, -3*j = -i + y. What are the prime factors of i?
5, 29
Let o be -1 + -2 - (-13)/(-13). Let v be (-6)/o - 4/(-8). Suppose 0 = v*j + 3*j - 90. List the prime factors of j.
2, 3
Let m = -7 + 14. Let w(x) = -x**2 + 7*x + 2. Let k be w(m). Suppose -2*v + 53 = 4*z - 5*v, -54 = -4*z + k*v. What are the prime factors of z?
2, 7
Suppose -h + 14*h = 988. List the prime factors of h.
2, 19
Let f(o) = 2*o**2 - 9*o + 1. Let y be f(8). What are the prime factors of y/1 + (6 - 7)?
2, 7
Suppose -5*x = -5*b - 120, 4*x + 27